t(s). Does 9 divide j(l)?
False
Let x(q) = 2*q - 2*q - 74 + 77 - q. Let r be x(-1). Suppose -y + 2*y = 5*t + 64, -r*y - 3*t + 279 = 0. Is 12 a factor of y?
False
Suppose -24466*w = -24480*w + 28084. Is 17 a factor of w?
True
Suppose -8*x + 9*x = 5*n + 801, 4*x - n = 3147. Is 6 a factor of x?
True
Let k be ((-12)/(-9))/(4/12). Suppose 0 = -p - 0*p + k. Suppose -p*u - 25 = u, 5*v - 135 = 3*u. Is v a multiple of 6?
True
Let r be (-9 + 3)*314/(-4). Let o = r - 675. Let t = o + 306. Is 17 a factor of t?
True
Suppose 276 = 39*h - 27*h. Suppose -11*g + h*g = 192. Is g a multiple of 8?
True
Let a = 115 - 115. Suppose a = 5*u - 3*i - 1355, -5*u + 469 = i - 906. Is 5 a factor of u?
False
Suppose 2*x = x - c, -3*x - 4*c = 4. Let m(a) = 83*a - 2. Does 15 divide m(x)?
True
Let g(j) = 5*j - 7. Let q be g(2). Does 11 divide -3*(-66)/12*16/q?
True
Let s(d) be the first derivative of d**2 + 32*d - 17. Let q be s(-16). Suppose -2*x - 5*o + 108 = q, o + 12 = 4*o. Is 9 a factor of x?
False
Let v(x) = 451*x + 1652. Does 16 divide v(4)?
True
Let m be 72/(-48)*(12/(-9) - 2). Suppose y - 5*c = 370, m*y + 1206 = -c + 3004. Is 18 a factor of y?
True
Let w(c) = 3*c + 1. Let a be w(-3). Let l(p) = p**3 + 7*p**2 - 7*p - 2. Let u be l(a). Is 5 a factor of 0 - (4/u)/(10/650)?
False
Suppose 0*q + 3*q + 471 = 0. Let p = q + 174. Is p a multiple of 5?
False
Let m(b) = b**3 + 3*b**2 + b + 6. Let i(g) = -4*g**3 - 10*g**2 - 2*g - 19. Let t(x) = 2*i(x) + 7*m(x). Let v be t(3). Is (-2)/v - 1033/(-5) a multiple of 12?
False
Is (-38)/361 - ((-416260)/76 + -2) a multiple of 8?
False
Let j be 5/10 + 69/6. Let f = j + -12. Suppose f = 8*c - 4*c - 324. Is c a multiple of 12?
False
Suppose -5*h - 3*q = -14, 2*q = -3*h + 1 + 7. Let o be 32 - (-3)/(-4)*h. Let z = o - 8. Is z a multiple of 3?
True
Suppose 58 = 5*f - 3*j - 98, f + 3*j - 24 = 0. Suppose 0 = f*c - 22*c - 416. Is c a multiple of 13?
True
Let d(y) = -y**2 - 43*y + 49. Let j be d(-27). Let h = j + -446. Does 5 divide h?
True
Suppose 4*t - 5005 = 3*y, 12 = 3*y - 7*y. Let l = 2504 - t. Does 68 divide l?
False
Let d = 4773 - 3792. Is 2 a factor of d?
False
Suppose f - 456 + 455 = 0. Is (-16)/(-4) - (-6)/f*44 a multiple of 36?
False
Suppose 77*m + 64848 = 91*m. Is m a multiple of 51?
False
Let n = -15 - -19. Suppose -n*t - 109 = 203. Is 18 a factor of (t/8)/((-6)/16)*2?
False
Suppose 52*u - 321381 + 82560 - 390275 = 0. Does 7 divide u?
False
Let t be -33*(0 + 4/(-36)*3). Suppose -t*o - 2*o + 2262 = 0. Is o a multiple of 58?
True
Suppose -6 = 2*d - 5*d. Suppose w + d*w = 3*g + 39, 29 = 5*w + 4*g. Is 37 a factor of (3/(3 - w))/(3/(-672))?
False
Suppose 3020 = 5*a - 5*y, 10*a - 17*a + 4228 = -y. Is 42 a factor of a?
False
Let c(u) = 13*u - 128. Let m be c(10). Is 210/(-15)*(-69)/m a multiple of 69?
True
Let d be (-405)/(-7 - -2) + -3 + 3. Suppose 46 + d = l. Let o = l - -82. Does 27 divide o?
False
Let y(s) = -124*s**3 - 2*s**2 + 6*s - 6. Let u be y(1). Let o = u - -206. Is o a multiple of 11?
False
Let o(b) = -7*b**3 + 8*b**2 + 114*b + 870. Is o(-12) a multiple of 25?
True
Let o(i) = -12*i - 8. Let b be o(-12). Let x = 209 - 3. Let j = x - b. Does 15 divide j?
False
Suppose 2*l + 4409 = 7*l + 6*t, -3*l - 3*t = -2643. Does 40 divide l?
False
Let m(q) = 122*q - 214. Does 10 divide m(11)?
False
Let i(f) = 6*f + 5. Let z be i(6). Suppose g - 81 = 4*h, -3*g - 3*h + 67 = -191. Let j = g - z. Does 11 divide j?
True
Let y = 7696 - -9696. Is 16 a factor of y?
True
Let t(l) = -l**3 + 2*l**2 + l + 114. Let x be t(0). Suppose 0 = -2*n + 2*o + x, 79 = n - 5*o + 26. Is 29 a factor of n?
True
Let k be (-6385)/(-75) + (3 - 94/30). Suppose 4*a = -2*h - 128, h - 2*a + 42 = -26. Let p = h + k. Is 7 a factor of p?
False
Suppose -10*b + 84 = -3*b. Suppose -b = -3*j, 0*z - z + 195 = -2*j. Does 20 divide z?
False
Suppose 16 = l + 5*p, 5*p = -5*l + 5 + 15. Suppose 5*b + 5*o = b + 3, -l = o. Suppose 2*f + 834 = 5*t, b*t = 5*f - 4 + 346. Is 22 a factor of t?
False
Suppose -o - 4*n - 39 = 0, 4*o - 2*o = 2*n - 28. Let d(z) = -z**3 - 16*z**2 - 28*z + 5. Let m be d(o). Is (m/(-16))/(12/(-32)) a multiple of 30?
True
Suppose -3*k - 5*p - 8 = 0, -2*k = k - p - 16. Suppose 20 = 4*y, -1276 = -3*t - y - k*y. Suppose -3*c + t = 5*x, 3 = -5*c - 2. Is x a multiple of 7?
True
Suppose -872000 = -60*m - 65*m. Is m a multiple of 16?
True
Suppose 36 = -27*l + 23*l. Let u be (3/l)/(5/(-315)). Suppose -u*w = -15*w - 882. Does 14 divide w?
False
Let v(n) = -n - 10. Let s be v(-22). Is 76 a factor of (3/(36/s))/(1/853)?
False
Suppose -2*m = -3*o - 1198, 5*o - m + 1252 + 754 = 0. Let j = -174 - o. Is j a multiple of 19?
True
Suppose -4*k = -2*k - s - 113, -5*s - 5 = 0. Is 752/k*(3 + 4) even?
True
Let i = 8 + -3. Suppose -4 = 2*y, 4*o = 9*o - y - 582. Suppose -i*v = -3*m - 666, 3*v - 2*m - 515 + o = 0. Is v a multiple of 15?
True
Let a = 13980 - 9978. Does 8 divide a?
False
Let r(l) = -l**3 + l**2 - 5*l + 2. Suppose -3*b = -4*d - 3 + 6, 0 = 3*b + 4*d - 21. Let x be r(b). Let t = -7 - x. Is t a multiple of 8?
True
Let j be (-8)/10 + 5894/(-70). Let d = 90 + j. Suppose -d*n + n = -204. Is 6 a factor of n?
False
Let u(z) = 2*z + 45. Let m be u(-36). Is 13 a factor of (18/(-15))/(m/8415)?
False
Suppose 6*h - 2037 = -3*v + 5*h, -h + 3397 = 5*v. Suppose -24*b + 7*b + v = 0. Does 2 divide b?
True
Let z(k) = 624*k - 3827. Does 5 divide z(8)?
True
Suppose 9*f = -3*f + 24. Suppose 68 = -m + f*m. Is m a multiple of 7?
False
Suppose 1634*w - 31410 = 1604*w. Is w a multiple of 145?
False
Let f be 186/(-4)*24/(-36). Suppose k - 5*k = 5*v + f, 0 = 3*v + k + 13. Let j(n) = n**2 - 3*n. Is 4 a factor of j(v)?
False
Let b(r) = 2*r**2 + 21*r - 17*r**2 - 6*r**3 + r**3 + 0*r**3 + 6*r**3. Does 7 divide b(14)?
True
Let y(c) = 7*c - 160. Let r be y(26). Let n(b) = -2*b**2 + 47*b - 2. Is n(r) even?
True
Let w(x) = 175*x**3 + 15*x**2 - 73*x - 45. Does 104 divide w(5)?
True
Let y(r) = -40*r + 6. Let f be y(3). Let l = f + 152. Is 7 a factor of l?
False
Let j be 20/(-25) + (-1519)/(-5). Is 14 a factor of (-2)/4*8/(-12)*j?
False
Suppose -3*w + 60 = -45. Suppose -5*m - 2*u - 53 = w, -4*u - 86 = 5*m. Is (m + -2 + 3)*-1 a multiple of 2?
False
Let z = -117 - -119. Suppose -w + 2*w = 5*p + 20, z*w - 22 = 4*p. Suppose 2*v - w*i - 150 = 0, -5*v - i = -3*i - 354. Is v a multiple of 5?
True
Let c(p) = -p**2 + 15*p - 28. Suppose 156 = 11*t + t. Let k be c(t). Is -1*3*18/k a multiple of 26?
False
Suppose -d - 50 = -11*d. Suppose 0 = -4*n + z - 29, 0*n - n - d = -z. Let b = n + 31. Does 3 divide b?
False
Let d = 15 - -2. Let t be ((-11)/(-22) - (-1)/2)*d. Suppose -38 = 16*m - t*m. Does 38 divide m?
True
Suppose 3*h - 23334 = y, -5*h = 4*y - 9664 - 29209. Does 11 divide h?
True
Does 10 divide 14432/13 - ((-268)/(-52) - 5)?
True
Let m(x) = x**2 + x. Let z(w) = -w**3 + 2*w + 5. Let p(s) = -2*m(s) + 2*z(s). Is p(-5) a multiple of 5?
True
Let m be 45/(-2)*1*6/(-9). Suppose 0*u = 2*b - u - 9, -3*b = -3*u - m. Suppose -97 + 417 = b*f. Is f a multiple of 20?
True
Let x be (-1)/(-3)*(-234)/6. Suppose -3*w + 4*a + 0*a = 198, -2*w - 118 = 2*a. Let g = x - w. Is 7 a factor of g?
True
Suppose 27962 + 24670 = 12*p. Is 102 a factor of p?
True
Let y(v) = -109*v - 330. Does 12 divide y(-18)?
True
Suppose 2*b - 19187 = -2*t - 5699, -2*b = 2. Is 19 a factor of t?
True
Suppose 0 = -2*r - 2*u + 1944, 12*r + 5*u + 3915 = 16*r. Is 8 a factor of r?
False
Let j be 32 - 26 - 3*1. Suppose 2*u - 2*f = 942, 9*u - 2365 = 4*u + j*f. Is 14 a factor of u?
True
Let d = 302 - 194. Suppose 932 = -9*z + 13*z - 4*m, 4*z + m - 917 = 0. Suppose d*j - 113*j = -z. Is j a multiple of 14?
False
Suppose 3*r = 13*n - 14*n + 6116, -3*r - 5*n + 6100 = 0. Is r a multiple of 17?
True
Suppose 0 = -2*m + 4*f + 23308, 45*m - 58172 = 40*m - 4*f. Is m a multiple of 20?
True
Suppose 2628 = -10*r + 13419 + 239. Does 4 divide r?
False
Let u = 249 - 234. Suppose s - 35 = u. Is s a multiple of 50?
True
Suppose -30*w = -32*w + 4. Suppose -5*c - w*c = -1176. Let v = -108 + c. Is v a multiple of 21?
False
Let s(z) = 2236*z**2 + 5*z - 45. Is 96 a factor of s(-3)?
True
Suppose a = -m + 6 + 7, -4*m + 58 = a. Is 2 a factor of 2*(6/m)/(3/15)?
True
Suppose -59*r - 26*r + 3575880 = 173*r. Is r a multiple of 30?
True
Let d be 0 + 2/(2/(-29)). Let j = d - -28. Let b(m) = -183*m + 1. Is 46 a f